{"id":1464,"date":"2024-10-09T09:48:56","date_gmt":"2024-10-09T12:48:56","guid":{"rendered":"https:\/\/geocompany.com.br\/geocompany\/?page_id=1464"},"modified":"2024-10-11T14:56:14","modified_gmt":"2024-10-11T17:56:14","slug":"danielle","status":"publish","type":"page","link":"https:\/\/geocompany.com.br\/geocompany\/danielle\/","title":{"rendered":"Danielle"},"content":{"rendered":"\t\t<div data-elementor-type=\"wp-page\" data-elementor-id=\"1464\" class=\"elementor elementor-1464\" data-elementor-post-type=\"page\">\n\t\t\t\t\t\t<section class=\"elementor-section elementor-top-section elementor-element elementor-element-79be95a8 elementor-reverse-mobile elementor-section-boxed elementor-section-height-default elementor-section-height-default wpr-particle-no wpr-jarallax-no wpr-parallax-no wpr-sticky-section-no\" data-id=\"79be95a8\" data-element_type=\"section\" data-settings=\"{&quot;background_background&quot;:&quot;classic&quot;}\">\n\t\t\t\t\t\t\t<div class=\"elementor-background-overlay\"><\/div>\n\t\t\t\t\t\t\t<div class=\"elementor-container elementor-column-gap-default\">\n\t\t\t\t\t<div class=\"elementor-column elementor-col-50 elementor-top-column elementor-element elementor-element-6beaf5a\" data-id=\"6beaf5a\" data-element_type=\"column\">\n\t\t\t<div class=\"elementor-widget-wrap elementor-element-populated\">\n\t\t\t\t\t\t<div class=\"elementor-element elementor-element-5d8c92f9 elementor-hidden-tablet elementor-hidden-mobile elementor-widget elementor-widget-heading\" data-id=\"5d8c92f9\" data-element_type=\"widget\" data-widget_type=\"heading.default\">\n\t\t\t\t<div class=\"elementor-widget-container\">\n\t\t\t<h1 class=\"elementor-heading-title elementor-size-default\">Danielle Melo<\/h1>\t\t<\/div>\n\t\t\t\t<\/div>\n\t\t\t\t\t<\/div>\n\t\t<\/div>\n\t\t\t\t<div class=\"elementor-column elementor-col-50 elementor-top-column elementor-element elementor-element-f756327\" data-id=\"f756327\" data-element_type=\"column\">\n\t\t\t<div class=\"elementor-widget-wrap elementor-element-populated\">\n\t\t\t\t\t\t<div class=\"elementor-element elementor-element-1025e566 elementor-hidden-tablet elementor-hidden-mobile elementor-widget elementor-widget-image\" data-id=\"1025e566\" data-element_type=\"widget\" data-widget_type=\"image.default\">\n\t\t\t\t<div class=\"elementor-widget-container\">\n\t\t\t\t\t\t\t\t\t\t\t\t\t<img fetchpriority=\"high\" decoding=\"async\" width=\"1080\" height=\"1080\" src=\"https:\/\/geocompany.com.br\/geocompany\/wp-content\/uploads\/2024\/10\/roberta-profile-1.png\" class=\"attachment-full size-full wp-image-1803\" alt=\"\" srcset=\"https:\/\/geocompany.com.br\/geocompany\/wp-content\/uploads\/2024\/10\/roberta-profile-1.png 1080w, https:\/\/geocompany.com.br\/geocompany\/wp-content\/uploads\/2024\/10\/roberta-profile-1-300x300.png 300w, https:\/\/geocompany.com.br\/geocompany\/wp-content\/uploads\/2024\/10\/roberta-profile-1-1024x1024.png 1024w, https:\/\/geocompany.com.br\/geocompany\/wp-content\/uploads\/2024\/10\/roberta-profile-1-150x150.png 150w, https:\/\/geocompany.com.br\/geocompany\/wp-content\/uploads\/2024\/10\/roberta-profile-1-768x768.png 768w\" sizes=\"(max-width: 1080px) 100vw, 1080px\" \/>\t\t\t\t\t\t\t\t\t\t\t\t\t<\/div>\n\t\t\t\t<\/div>\n\t\t\t\t\t<\/div>\n\t\t<\/div>\n\t\t\t\t\t<\/div>\n\t\t<\/section>\n\t\t<div class=\"elementor-element elementor-element-a0c0965 elementor-hidden-desktop elementor-hidden-tablet e-flex e-con-boxed wpr-particle-no wpr-jarallax-no wpr-parallax-no wpr-sticky-section-no e-con e-parent\" data-id=\"a0c0965\" data-element_type=\"container\" data-settings=\"{&quot;background_background&quot;:&quot;classic&quot;}\">\n\t\t\t\t\t<div class=\"e-con-inner\">\n\t\t\t\t<div class=\"elementor-element elementor-element-0c1ba30 elementor-widget elementor-widget-image\" data-id=\"0c1ba30\" data-element_type=\"widget\" data-widget_type=\"image.default\">\n\t\t\t\t<div class=\"elementor-widget-container\">\n\t\t\t\t\t\t\t\t\t\t\t\t\t<img decoding=\"async\" width=\"800\" height=\"845\" src=\"https:\/\/geocompany.com.br\/geocompany\/wp-content\/uploads\/2024\/10\/Danielle-Melo-970x1024.jpeg\" class=\"attachment-large size-large wp-image-1138\" alt=\"\" srcset=\"https:\/\/geocompany.com.br\/geocompany\/wp-content\/uploads\/2024\/10\/Danielle-Melo-970x1024.jpeg 970w, https:\/\/geocompany.com.br\/geocompany\/wp-content\/uploads\/2024\/10\/Danielle-Melo-284x300.jpeg 284w, https:\/\/geocompany.com.br\/geocompany\/wp-content\/uploads\/2024\/10\/Danielle-Melo-768x811.jpeg 768w, https:\/\/geocompany.com.br\/geocompany\/wp-content\/uploads\/2024\/10\/Danielle-Melo.jpeg 1373w\" sizes=\"(max-width: 800px) 100vw, 800px\" \/>\t\t\t\t\t\t\t\t\t\t\t\t\t<\/div>\n\t\t\t\t<\/div>\n\t\t\t\t<div class=\"elementor-element elementor-element-c3c5eec elementor-widget elementor-widget-heading\" data-id=\"c3c5eec\" data-element_type=\"widget\" data-widget_type=\"heading.default\">\n\t\t\t\t<div class=\"elementor-widget-container\">\n\t\t\t<h2 class=\"elementor-heading-title elementor-size-default\">Danielle Melo<\/h2>\t\t<\/div>\n\t\t\t\t<\/div>\n\t\t\t\t\t<\/div>\n\t\t\t\t<\/div>\n\t\t<div class=\"elementor-element elementor-element-6e09ebc e-flex e-con-boxed wpr-particle-no wpr-jarallax-no wpr-parallax-no wpr-sticky-section-no e-con e-parent\" data-id=\"6e09ebc\" data-element_type=\"container\">\n\t\t\t\t\t<div class=\"e-con-inner\">\n\t\t\t\t<div class=\"elementor-element elementor-element-cf79b76 elementor-widget elementor-widget-heading\" data-id=\"cf79b76\" data-element_type=\"widget\" data-widget_type=\"heading.default\">\n\t\t\t\t<div class=\"elementor-widget-container\">\n\t\t\t<h2 class=\"elementor-heading-title elementor-size-default\">Gerente de Projetos Geot\u00e9cnicos<\/h2>\t\t<\/div>\n\t\t\t\t<\/div>\n\t\t\t\t\t<\/div>\n\t\t\t\t<\/div>\n\t\t<div class=\"elementor-element elementor-element-5a0aa77 e-flex e-con-boxed wpr-particle-no wpr-jarallax-no wpr-parallax-no wpr-sticky-section-no e-con e-parent\" data-id=\"5a0aa77\" data-element_type=\"container\">\n\t\t\t\t\t<div class=\"e-con-inner\">\n\t\t\t\t<div class=\"elementor-element elementor-element-a0336b8 elementor-widget elementor-widget-text-editor\" data-id=\"a0336b8\" data-element_type=\"widget\" data-widget_type=\"text-editor.default\">\n\t\t\t\t<div class=\"elementor-widget-container\">\n\t\t\t\t\t\t\t<p>Danielle Melo \u00e9 uma engenheira civil com mais de 12 anos de experi\u00eancia na GeoCompany, onde atualmente ocupa o cargo de Gerente de Projetos Geot\u00e9cnicos. Ao longo de sua carreira, Danielle esteve \u00e0 frente de grandes projetos de infraestrutura, destacando-se por sua expertise t\u00e9cnica e lideran\u00e7a em obras de grande complexidade no Brasil.<\/p><p>Entre os projetos mais significativos de sua trajet\u00f3ria est\u00e3o a Interliga\u00e7\u00e3o das Bacias do Para\u00edba do Sul e Cantareira para a Sabesp, o Anteprojeto\/Projeto funcional da Linha 20- Rosa do Metr\u00f4 de S\u00e3o Paulo, o sistema de esgotamento sanit\u00e1rio em cidades do Esp\u00edrito Santo, e os t\u00faneis de acesso \u00e0s minas subterr\u00e2neas em Vazante\/MG. Um dos pontos altos de sua carreira foi o Complexo Vi\u00e1rio Jornalista Tirreno da San Biagio, em Mogi das Cruzes\/SP. Neste projeto desafiador, Danielle liderou a parte t\u00e9cnica do projeto de um t\u00fanel raso sob a linha f\u00e9rrea da CPTM, superando condi\u00e7\u00f5es geol\u00f3gicas adversas e garantindo que a obra fosse conclu\u00edda sem interromper o tr\u00e1fego ferrovi\u00e1rio, que opera com intervalos de apenas tr\u00eas minutos em hor\u00e1rios de pico.<\/p><p>Danielle \u00e9 graduada em Engenharia Civil pela Escola Polit\u00e9cnica da Universidade de S\u00e3o Paulo (2010) e possui um mestrado em Engenharia Geot\u00e9cnica pela mesma institui\u00e7\u00e3o. Em sua disserta\u00e7\u00e3o, ela estudou o comportamento reol\u00f3gico de solos sujeitos a corridas de lama por liquefa\u00e7\u00e3o est\u00e1tica, pesquisa que contribuiu para o desenvolvimento de novas t\u00e9cnicas na \u00e1rea. Al\u00e9m disso, Danielle concluiu um MBA em Gest\u00e3o de Projetos pela ESALQ-USP em 2023, aprimorando suas habilidades em gerenciamento de projetos complexos.<\/p><p>Ao longo de sua trajet\u00f3ria na GeoCompany, Danielle atuou em projetos variados, como ferrovias, saneamento, controle de enchentes e grandes obras de infraestrutura.<\/p><p>Recentemente, liderou a revis\u00e3o dos tratamentos para solo mole na Ferrovia de Integra\u00e7\u00e3o Centro Oeste, o que resultou em economias significativas de tempo e recursos para o projeto.<\/p><p>Sempre em busca de inova\u00e7\u00e3o, Danielle e sua equipe adotam metodologias \u00e1geis para enfrentar os desafios t\u00e9cnicos e de prazo, garantindo a entrega de projetos que beneficiam diretamente a sociedade. Com uma abordagem centrada no desenvolvimento cont\u00ednuo de sua equipe, ela se destaca pela capacidade de liderar projetos complexos sob press\u00e3o, mantendo o foco em resultados.<\/p><p>Apaixonada pela engenharia, Danielle se orgulha de seu trabalho e da contribui\u00e7\u00e3o que suas obras proporcionam ao desenvolvimento do pa\u00eds. Para se manter atualizada, participa ativamente de grupos t\u00e9cnicos, congressos e palestras, compartilhando conhecimento e aprendendo sobre as mais recentes inova\u00e7\u00f5es em engenharia geot\u00e9cnica e infraestrutura.<\/p>\t\t\t\t\t\t<\/div>\n\t\t\t\t<\/div>\n\t\t\t\t\t<\/div>\n\t\t\t\t<\/div>\n\t\t\t\t<\/div>\n\t\t\n    <div class=\"xs_social_share_widget xs_share_url after_content \t\tmain_content  wslu-style-1 wslu-share-box-shaped wslu-fill-colored wslu-none wslu-share-horizontal wslu-theme-font-no wslu-main_content\">\n\n\t\t\n        <ul>\n\t\t\t        <\/ul>\n    <\/div> \n","protected":false},"excerpt":{"rendered":"<p>Danielle Melo Danielle Melo Gerente de Projetos Geot\u00e9cnicos Danielle Melo \u00e9 uma engenheira civil com mais de 12 anos de experi\u00eancia na GeoCompany, onde atualmente ocupa o cargo de Gerente de Projetos Geot\u00e9cnicos. Ao longo de sua carreira, Danielle esteve \u00e0 frente de grandes projetos de infraestrutura, destacando-se por sua expertise t\u00e9cnica e lideran\u00e7a em obras de grande complexidade no Brasil. Entre os projetos mais significativos de sua trajet\u00f3ria est\u00e3o a Interliga\u00e7\u00e3o das Bacias do Para\u00edba do Sul e Cantareira para a Sabesp, o Anteprojeto\/Projeto funcional da Linha 20- Rosa do Metr\u00f4 de S\u00e3o Paulo, o sistema de esgotamento sanit\u00e1rio em cidades do Esp\u00edrito Santo, e os t\u00faneis de acesso \u00e0s minas subterr\u00e2neas em Vazante\/MG. Um dos pontos altos de sua carreira foi o Complexo Vi\u00e1rio Jornalista Tirreno da San Biagio, em Mogi das Cruzes\/SP. Neste projeto desafiador, Danielle liderou a parte t\u00e9cnica do projeto de um t\u00fanel raso sob a linha f\u00e9rrea da CPTM, superando condi\u00e7\u00f5es geol\u00f3gicas adversas e garantindo que a obra fosse conclu\u00edda sem interromper o tr\u00e1fego ferrovi\u00e1rio, que opera com intervalos de apenas tr\u00eas minutos em hor\u00e1rios de pico. Danielle \u00e9 graduada em Engenharia Civil pela Escola Polit\u00e9cnica da Universidade de S\u00e3o Paulo (2010) e possui um mestrado em Engenharia Geot\u00e9cnica pela mesma institui\u00e7\u00e3o. Em sua disserta\u00e7\u00e3o, ela estudou o comportamento reol\u00f3gico de solos sujeitos a corridas de lama por liquefa\u00e7\u00e3o est\u00e1tica, pesquisa que contribuiu para o desenvolvimento de novas t\u00e9cnicas na \u00e1rea. Al\u00e9m disso, Danielle concluiu um MBA em Gest\u00e3o de Projetos pela ESALQ-USP em 2023, aprimorando suas habilidades em gerenciamento de projetos complexos. Ao longo de sua trajet\u00f3ria na GeoCompany, Danielle atuou em projetos variados, como ferrovias, saneamento, controle de enchentes e grandes obras de infraestrutura. Recentemente, liderou a revis\u00e3o dos tratamentos para solo mole na Ferrovia de Integra\u00e7\u00e3o Centro Oeste, o que resultou em economias significativas de tempo e recursos para o projeto. Sempre em busca de inova\u00e7\u00e3o, Danielle e sua equipe adotam metodologias \u00e1geis para enfrentar os desafios t\u00e9cnicos e de prazo, garantindo a entrega de projetos que beneficiam diretamente a sociedade. Com uma abordagem centrada no desenvolvimento cont\u00ednuo de sua equipe, ela se destaca pela capacidade de liderar projetos complexos sob press\u00e3o, mantendo o foco em resultados. Apaixonada pela engenharia, Danielle se orgulha de seu trabalho e da contribui\u00e7\u00e3o que suas obras proporcionam ao desenvolvimento do pa\u00eds. Para se manter atualizada, participa ativamente de grupos t\u00e9cnicos, congressos e palestras, compartilhando conhecimento e aprendendo sobre as mais recentes inova\u00e7\u00f5es em engenharia geot\u00e9cnica e infraestrutura.<\/p>\n","protected":false},"author":1,"featured_media":0,"parent":0,"menu_order":0,"comment_status":"closed","ping_status":"closed","template":"","meta":{"footnotes":""},"class_list":["post-1464","page","type-page","status-publish","hentry"],"rttpg_featured_image_url":null,"rttpg_author":{"display_name":"geocompanycom","author_link":"https:\/\/geocompany.com.br\/geocompany\/author\/geocompanycom\/"},"rttpg_comment":0,"rttpg_category":null,"rttpg_excerpt":"Danielle Melo Danielle Melo Gerente de Projetos Geot\u00e9cnicos Danielle Melo \u00e9 uma engenheira civil com mais de 12 anos de experi\u00eancia na GeoCompany, onde atualmente ocupa o cargo de Gerente de Projetos Geot\u00e9cnicos. Ao longo de sua carreira, Danielle esteve \u00e0 frente de grandes projetos de infraestrutura, destacando-se por sua expertise t\u00e9cnica e lideran\u00e7a em&hellip;","_links":{"self":[{"href":"https:\/\/geocompany.com.br\/geocompany\/wp-json\/wp\/v2\/pages\/1464","targetHints":{"allow":["GET"]}}],"collection":[{"href":"https:\/\/geocompany.com.br\/geocompany\/wp-json\/wp\/v2\/pages"}],"about":[{"href":"https:\/\/geocompany.com.br\/geocompany\/wp-json\/wp\/v2\/types\/page"}],"author":[{"embeddable":true,"href":"https:\/\/geocompany.com.br\/geocompany\/wp-json\/wp\/v2\/users\/1"}],"replies":[{"embeddable":true,"href":"https:\/\/geocompany.com.br\/geocompany\/wp-json\/wp\/v2\/comments?post=1464"}],"version-history":[{"count":34,"href":"https:\/\/geocompany.com.br\/geocompany\/wp-json\/wp\/v2\/pages\/1464\/revisions"}],"predecessor-version":[{"id":1812,"href":"https:\/\/geocompany.com.br\/geocompany\/wp-json\/wp\/v2\/pages\/1464\/revisions\/1812"}],"wp:attachment":[{"href":"https:\/\/geocompany.com.br\/geocompany\/wp-json\/wp\/v2\/media?parent=1464"}],"curies":[{"name":"wp","href":"https:\/\/api.w.org\/{rel}","templated":true}]}}